uppose 5*r = -2*z - 6, f*z - 3 = 2*r + 4*z. Suppose 4*t + i - 715 = r, 0 = -3*t + 2*t + 4*i + 183. What is the hundreds digit of t?
1
Let p = 722 + -1257. What is the tens digit of p*((26/(-5) - 3) + 6)?
7
What is the thousands digit of 22562 + -33*14/(-77)?
2
Suppose 2*k + 1215 = 1219. What is the units digit of -3 - 3128/(-3) - k/3?
9
Let r(b) = -207*b - 1. Let f be r(-1). Suppose 188 = 2*q + 4*p, 4*q = 2*q + 5*p + f. What is the tens digit of q?
9
Suppose 321 = 5*t - 3*o + 75, -5*t - 2*o + 236 = 0. Suppose 2*h - 3 = a - t, 4*a - 177 = 5*h. What is the units digit of a?
3
Suppose -29*a = 15748 + 260. What is the hundreds digit of 3481/8 + 69/a?
4
Suppose -4*t = 4*h - 8*t - 1708, t = -2. Let m = h + -411. What is the units digit of m?
4
Let h(x) = 72*x**2 + 34*x + 31. What is the tens digit of h(9)?
6
Let o = -223 - -236. Suppose -5257 = -o*q + 6417. What is the tens digit of q?
9
Let f(t) = -17*t + 163. Let v(l) = l**3 - 9*l**2 + 22*l - 16. Let h be v(6). What is the tens digit of f(h)?
2
Let p(v) = 19*v**2 + 58*v - 210. Let g(z) = 7*z**2 + 19*z - 70. Let w(o) = -8*g(o) + 3*p(o). What is the units digit of w(-37)?
5
Let g(t) = -4*t**3 + 5*t**2 - 5*t - 1. Suppose 3*f = -10*w + 6*w - 8, 0 = -2*w + 2. What is the units digit of g(f)?
5
Let x = -4521 - -9177. Suppose -4*v - 8*v + x = 0. What is the tens digit of v?
8
Let t = -29554 + 45600. What is the ten thousands digit of t?
1
Suppose -3*c = -4*p + 273736, -c + 2846 = -4*p + 276598. What is the ten thousands digit of p?
6
Suppose a + y = 4*a - 2161, -2*a - y = -1449. Suppose -4327 - a = -11*q. What is the tens digit of q?
5
Suppose -3 = 5*p + 17, -2*p + 12 = 5*b. What is the units digit of (b*279/42)/(4/56)?
2
Suppose 53*t - 51*t - 5*h = 39722, t = 3*h + 19861. What is the hundreds digit of t?
8
Suppose 0 = -48*z - 12*z + 586347 - 187527. What is the hundreds digit of z?
6
Let q(b) = b**2 - 39*b + 252. Let p be q(34). Suppose -p*u = -92*u + 280. What is the units digit of u?
8
Let w = -15 + 7. Let f be 10/(-4) + 37*12/8. Let x = f + w. What is the units digit of x?
5
Suppose -3*b - 4*a = -21 - 30, 0 = -b + 4*a + 17. Suppose 57 - b = -4*d. What is the units digit of (3 - (-15)/d)/(2/80)?
0
Suppose 280 - 98 = 14*k. Suppose -k*u + 7409 + 183 = 0. What is the units digit of u?
4
Let b(x) be the first derivative of x**4/4 - 14*x**3/3 + 2*x**2 - 15*x + 68. What is the hundreds digit of b(16)?
5
Let t(o) = 3*o - 7. Let f be t(4). Suppose 3*y + 0*y = f*v + 1608, -y + 556 = 5*v. What is the hundreds digit of y?
5
Suppose 0 = -u + 2*j + 33933, -4*j + 63272 + 4626 = 2*u. What is the ten thousands digit of u?
3
Suppose -3*b = 21 - 30. What is the units digit of 3/b*(16 - -736)?
2
Let o(n) = n**2 + 10*n + 30. Let c be o(-9). Suppose -21 = c*p - 24*p. What is the tens digit of (p - 6) + 0/(-3) + 10?
1
Let z(t) = -t**2 + 22*t + 7. Let y be z(20). What is the hundreds digit of (-236 + y)*4/(-3)?
2
What is the thousands digit of (-702772)/(-168) - (-1 - 28/(-24))?
4
Let p be 4 + 16/12*-129. Let k = p + 208. What is the units digit of k?
0
Let l(i) = -18*i**3 - 7*i**2 - 9*i - 1. Let w(b) = -55*b**3 - 21*b**2 - 24*b - 4. Let s(m) = 8*l(m) - 3*w(m). What is the thousands digit of s(4)?
1
Let u(b) be the first derivative of -b**4/2 - 2*b**3 + 5*b**2 - 37*b + 287. What is the units digit of u(-9)?
5
Let w(t) = -94*t**3 - 5*t**2 - 63*t - 294. What is the units digit of w(-5)?
6
Let k(x) = -x**3 + x**2 + 5*x - 2. Let l be k(4). Let g be (-1)/(-3)*(2 + 64). Let o = g - l. What is the units digit of o?
2
Let s(l) = -9111*l + 2800. What is the hundreds digit of s(-8)?
6
What is the tens digit of 6526 + -5 - (12 - 15)?
2
Suppose -2*m + 201 = -51. Suppose 0 = 4*o - 666 - m. What is the tens digit of o?
9
Let s(i) = -19*i + 26. Let m(r) = -10*r + 13. Let g(v) = 7*m(v) - 4*s(v). Let d be g(4). Suppose -d + 166 = 5*q. What is the tens digit of q?
3
Suppose 0 = -224*i + 206*i + 939168. What is the units digit of i?
6
Let y(o) = o**3 + 35*o**2 + 23*o + 16. What is the tens digit of y(-23)?
3
Let u = -450 - -241. Let n = u - -340. What is the units digit of n?
1
Let c = -12409 + 25490. Let j = c + -6672. What is the units digit of 2/5 - j/(-65)?
9
Let l = -79 + 91. Suppose -3*c + l = 2*s - 15, 0 = s. What is the units digit of 185/(-15)*c*-1?
1
Let k = 1865 + 2522. What is the tens digit of k?
8
Suppose 0 = -0*w + 2*w - 5*g - 5, g = -3*w - 35. What is the hundreds digit of (39*-52)/(-3) - w/(-5)?
6
Let l be (-208)/(-32)*(-2 + 4). Let q(n) = -6*n + 4 + 6 + n**2 + 13. What is the units digit of q(l)?
4
Let l(h) = -460*h - 111. Let y(d) = -152*d - 37. Let g(q) = -3*l(q) + 8*y(q). What is the thousands digit of g(6)?
1
Let n = 34 - 38. Let d be n/(-4)*-36*-1. Suppose 14 = x - d. What is the tens digit of x?
5
Let x be (3 + 2157)*5/10. Let z = -632 + x. What is the units digit of z?
8
What is the tens digit of (2 + 32/(-28))*(-73066)/(-68)?
2
Let n be -18*(217812/18)/(-14). Suppose -n = -11*a - 1324. What is the hundreds digit of a?
2
What is the tens digit of (-6 + (7 - 3))/(38170/(-12722) + 3)?
6
Suppose -d - 3*i + 39870 = 0, -2486*d + 2481*d + 199441 = 2*i. What is the thousands digit of d?
9
Let k = 20479 - 20437. Let n = 156 - 103. Suppose 59*q = n*q + k. What is the units digit of q?
7
Suppose 2*q + 23102 = c, 70*c - 68*c = -4*q + 46156. What is the thousands digit of c?
3
Let o be (-288)/(-120) - (14/10 + -1). Suppose 0*s + s = 5*b + 89, -o*s = -4*b - 70. What is the units digit of (-846)/27*b/4?
1
Let o = 58 + -53. Suppose -23 = -o*i - b, -4*i - 3*b + 30 = -8*b. Suppose 121 = 4*m + i. What is the units digit of m?
9
Let a(q) = -q**2 - 3*q + 26. Let m(k) = -k + 16. Let r be m(24). Let d be a(r). What is the tens digit of 243/5 + d/(-35)?
4
Let x(p) = -7*p + 15. Suppose -3*m = 4*n + 30, -3*n + n - 5*m - 8 = 0. What is the tens digit of x(n)?
7
Let k be 10 - (-4)/3*90/(-24). What is the tens digit of 712 - 30/k - -8?
1
Suppose -37745*y - 173910 = -37748*y. What is the tens digit of y?
7
Let h(j) = 2*j**3 - 129*j**2 + 438*j - 103. What is the hundreds digit of h(61)?
5
Let r(y) = y**3 - y**2 - 83. Let m be r(0). What is the tens digit of (m - (-2 + -4))*(-48)/7?
2
Let h = 182 + -178. Suppose 0 = -p + 2*j + 434 + 130, 2*p + h*j = 1128. What is the units digit of p?
4
Suppose -3*c - 3 + 12 = 0. Suppose -c*b = 2*f - 2111, 0 = -b - 0*b - 2*f + 701. What is the units digit of b?
5
Let a(w) = -39*w**3 - w**2 + w + 1. Let x(r) = -3*r + 11. Let o(t) = t - 4. Let i(q) = -17*o(q) - 6*x(q). Let b be i(-3). What is the tens digit of a(b)?
3
Let l(s) = -10*s**3 + 11*s**2 - 62*s - 401. What is the tens digit of l(-9)?
3
Let m = -347 + 369. Suppose -o = -m*o + 14448. What is the units digit of o?
8
Let s(v) = -25*v + 41. Let c be s(22). Let d = c - -1064. What is the units digit of d?
5
Suppose 9*f + 3*w - 13874 = 8*f, -41622 = -3*f + 3*w. What is the ten thousands digit of f?
1
Let s be 6/21 + 38/14. Suppose -4*w - 4*p = -9*w - 120, -s*w - 2*p = 94. Let j = w - -91. What is the tens digit of j?
6
Let p = -511 + 510. What is the tens digit of 6 + 1235/2 - p/2?
2
Let c(i) = 25*i + 2617. What is the thousands digit of c(-35)?
1
Let m = -137 + 137. Suppose 2*t - 333 = -b + 332, m = 5*t - 5*b - 1685. What is the units digit of t?
4
Let w(o) = -o + 14. Let r be w(10). Suppose 5*j = 4*b + 51, -j - r*b + 5 = 2*j. Suppose 0 = -5*y + 67 - j. What is the tens digit of y?
1
Let o be 116/30 - 64/(-480). Suppose -5*m - 2*u = -1185, 3*m + o*u + 0*u - 711 = 0. What is the hundreds digit of m?
2
Suppose -4207193 - 994172 = -62*u - 3*u. What is the thousands digit of u?
0
Suppose -20*u + 15456 - 476 = 0. Suppose -p + 3*b + 303 = 0, u = 2*p + 4*b + 123. What is the tens digit of p?
0
Let d(l) = 5*l**2 + 2*l + 47. What is the tens digit of d(-15)?
4
Suppose -2*s + 5*c = -435 - 646, -6 = -2*c. Let q = s - 375. Suppose -a = 5*r - q, -373 = -3*a - 5*r + 136. What is the units digit of a?
8
Let c = 5 + 61. Suppose -w - w + 3*f = -39, 5*w = -3*f + c. Suppose 0 = -h + w - 6. What is the units digit of h?
9
Suppose -4*a + 3492 = 2*x, 0*x - 4*a + 1754 = x. Suppose 22*i - x - 7172 = 0. What is the tens digit of i?
0
What is the units digit of 3/24 - (10983860/(-864) + 6/(-81))?
3
Let w(i) = -i**3 - 5*i**2 + 4*i + 5. Let t = 8 + 27. Let n = -42 + t. What is the unit